bitcoin_app_proxy_1  | yarn run v1.22.19
bitcoin_app_proxy_1  | $ node ./bin/www
bitcoin_app_proxy_1  | [HPM] Proxy created: /  -> http://10.21.22.2:3005
bitcoin_app_proxy_1  | Waiting for 10.21.22.2:3005 to open...
bitcoin_app_proxy_1  | Bitcoin Node is now ready...
bitcoin_app_proxy_1  | Listening on port: 2100
bitcoin_tor_1        | Feb 13 09:43:52.794 [notice] Tor 0.4.7.8 running on Linux with Libevent 2.1.12-stable, OpenSSL 1.1.1n, Zlib 1.2.11, Liblzma N/A, Libzstd N/A and Glibc 2.31 as libc.
bitcoin_tor_1        | Feb 13 09:43:52.794 [notice] Tor can't help you if you use it wrong! Learn how to be safe at https://support.torproject.org/faq/staying-anonymous/
bitcoin_tor_1        | Feb 13 09:43:52.795 [notice] Read configuration file "/etc/tor/torrc".
bitcoin_server_1     | yarn run v1.22.18
bitcoin_tor_1        | Feb 13 09:43:52.799 [warn] You have a ControlPort set to accept connections from a non-local address.  This means that programs not running on your computer can reconfigure your Tor.  That's pretty bad, since the controller protocol isn't encrypted!  Maybe you should just listen on 127.0.0.1 and use a tool like stunnel or ssh to encrypt remote connections to your control port.
bitcoin_server_1     | $ node ./bin/www
bitcoin_tor_1        | Feb 13 09:43:52.799 [warn] CookieAuthFileGroupReadable is set, but will have no effect: you must specify an explicit CookieAuthFile to have it group-readable.
bitcoin_server_1     | Thu, 13 Feb 2025 09:43:56 GMT morgan deprecated morgan(options): use morgan("default", options) instead at app.js:34:9
bitcoin_server_1     | Thu, 13 Feb 2025 09:43:56 GMT morgan deprecated default format: use combined format at app.js:34:9
bitcoin_server_1     | Listening on port 3005
bitcoin_tor_1        | Feb 13 09:43:52.812 [warn] You specified a public address '0.0.0.0:9050' for SocksPort. Other people on the Internet might find your computer and use it as an open proxy. Please don't allow this unless you have a good reason.
bitcoin_tor_1        | Feb 13 09:43:52.812 [warn] You have a ControlPort set to accept connections from a non-local address.  This means that programs not running on your computer can reconfigure your Tor.  That's pretty bad, since the controller protocol isn't encrypted!  Maybe you should just listen on 127.0.0.1 and use a tool like stunnel or ssh to encrypt remote connections to your control port.
bitcoin_tor_1        | Feb 13 09:43:52.812 [notice] Opening Socks listener on 0.0.0.0:9050
bitcoin_tor_1        | Feb 13 09:43:52.812 [notice] Opened Socks listener connection (ready) on 0.0.0.0:9050
bitcoin_tor_1        | Feb 13 09:43:52.812 [notice] Opening Control listener on 0.0.0.0:9051
bitcoin_tor_1        | Feb 13 09:43:52.812 [notice] Opened Control listener connection (ready) on 0.0.0.0:9051
bitcoin_tor_1        | Feb 13 09:43:52.000 [notice] Bootstrapped 0% (starting): Starting
bitcoin_tor_1        | Feb 13 09:43:52.000 [notice] Starting with guard context "default"
bitcoin_tor_1        | Feb 13 09:43:53.000 [notice] Bootstrapped 5% (conn): Connecting to a relay
bitcoin_tor_1        | Feb 13 09:45:53.000 [notice] Bootstrapped 10% (conn_done): Connected to a relay
bitcoin_tor_1        | Feb 13 09:45:53.000 [notice] Bootstrapped 14% (handshake): Handshaking with a relay
bitcoin_tor_1        | Feb 13 09:45:53.000 [notice] Bootstrapped 15% (handshake_done): Handshake with a relay done
bitcoin_tor_1          | Feb 13 09:45:53.000 [notice] Bootstrapped 20% (onehop_create): Establishing an encrypted directory connection
bitcoin_tor_1          | Feb 13 09:45:53.000 [notice] Bootstrapped 25% (requesting_status): Asking for networkstatus consensus
bitcoin_server_1     | ::ffff:10.21.0.13 - - [Thu, 13 Feb 2025 09:45:12 GMT] "GET / HTTP/1.1" 304 - "-" "Mozilla/5.0 (iPhone; CPU iPhone OS 18_3_1 like Mac OS X) AppleWebKit/605.1.15 (KHTML, like Gecko) Version/18.3 Mobile/15E148 Safari/604.1"
bitcoin_tor_1          | Feb 13 09:45:53.000 [notice] Bootstrapped 30% (loading_status): Loading networkstatus consensus
bitcoin_server_1       | 
bitcoin_tor_1          | Feb 13 09:45:54.000 [notice] I learned some more directory information, but not enough to build a circuit: We have no usable consensus.
bitcoin_server_1       | umbrel-middleware
bitcoin_tor_1          | Feb 13 09:45:54.000 [notice] Bootstrapped 40% (loading_keys): Loading authority key certs
bitcoin_server_1       | ::ffff:10.21.0.13 - - [Thu, 13 Feb 2025 09:45:12 GMT] "GET /css/chunk-vendors.a7bbc042.css HTTP/1.1" 304 - "-" "Mozilla/5.0 (iPhone; CPU iPhone OS 18_3_1 like Mac OS X) AppleWebKit/605.1.15 (KHTML, like Gecko) Version/18.3 Mobile/15E148 Safari/604.1"
bitcoin_tor_1          | Feb 13 09:45:54.000 [notice] The current consensus has no exit nodes. Tor can only build internal paths, such as paths to onion services.
bitcoin_server_1       | 
bitcoin_tor_1          | Feb 13 09:45:54.000 [notice] Bootstrapped 45% (requesting_descriptors): Asking for relay descriptors
bitcoin_server_1       | umbrel-middleware
bitcoin_tor_1          | Feb 13 09:45:54.000 [notice] I learned some more directory information, but not enough to build a circuit: We need more microdescriptors: we have 0/8121, and can only build 0% of likely paths. (We have 0% of guards bw, 0% of midpoint bw, and 0% of end bw (no exits in consensus, using mid) = 0% of path bw.)
bitcoin_server_1       | ::ffff:10.21.0.13 - - [Thu, 13 Feb 2025 09:45:12 GMT] "GET /js/chunk-vendors.f75d5da2.js HTTP/1.1" 304 - "-" "Mozilla/5.0 (iPhone; CPU iPhone OS 18_3_1 like Mac OS X) AppleWebKit/605.1.15 (KHTML, like Gecko) Version/18.3 Mobile/15E148 Safari/604.1"
bitcoin_tor_1          | Feb 13 09:45:54.000 [notice] Bootstrapped 50% (loading_descriptors): Loading relay descriptors
bitcoin_server_1       | 
bitcoin_tor_1          | Feb 13 09:45:55.000 [notice] The current consensus contains exit nodes. Tor can build exit and internal paths.
bitcoin_i2pd_daemon_1  | 09:43:52@713/none - i2pd v2.44.0 (0.9.56) starting...
bitcoin_bitcoind_1     | 2025-02-13T09:52:05Z init message: Verifying wallet(s)…
bitcoin_i2pd_daemon_1  | 09:44:01@841/error - Tunnels: Can't select next hop for 69SA332St26ZJzhCTFUzKaMSc1j2MVO2u7HLbZmoK4k=
bitcoin_i2pd_daemon_1  | 09:44:01@841/error - Tunnels: Can't create inbound tunnel, no peers available
bitcoin_i2pd_daemon_1  | 09:44:01@841/error - Tunnels: Can't select next hop for 69SA332St26ZJzhCTFUzKaMSc1j2MVO2u7HLbZmoK4k=
bitcoin_bitcoind_1     | 2025-02-13T09:52:05Z Using /16 prefix for IP bucketing
bitcoin_i2pd_daemon_1  | 09:44:01@841/error - Tunnels: Can't create inbound tunnel, no peers available
bitcoin_bitcoind_1     | 2025-02-13T09:52:05Z init message: Loading P2P addresses…
bitcoin_i2pd_daemon_1  | 09:44:01@841/error - Tunnels: Can't select next hop for 69SA332St26ZJzhCTFUzKaMSc1j2MVO2u7HLbZmoK4k=
bitcoin_bitcoind_1     | 2025-02-13T09:52:06Z Loaded 57332 addresses from peers.dat  222ms
bitcoin_tor_1          | Feb 13 09:45:56.000 [notice] Bootstrapped 55% (loading_descriptors): Loading relay descriptors
bitcoin_bitcoind_1     | 2025-02-13T09:52:06Z init message: Loading banlist…
bitcoin_bitcoind_1     | 2025-02-13T09:52:06Z SetNetworkActive: true
bitcoin_server_1       | umbrel-middleware
bitcoin_bitcoind_1     | 2025-02-13T09:52:06Z Script verification uses 3 additional threads
bitcoin_server_1       | ::ffff:10.21.0.13 - - [Thu, 13 Feb 2025 09:45:12 GMT] "GET /img/icon.e51a8ffe.svg HTTP/1.1" 304 - "-" "Mozilla/5.0 (iPhone; CPU iPhone OS 18_3_1 like Mac OS X) AppleWebKit/605.1.15 (KHTML, like Gecko) Version/18.3 Mobile/15E148 Safari/604.1"
bitcoin_bitcoind_1     | 2025-02-13T09:52:06Z Cache configuration:
bitcoin_server_1       | 
bitcoin_bitcoind_1     | 2025-02-13T09:52:06Z * Using 2.0 MiB for block index database
bitcoin_server_1       | umbrel-middleware
bitcoin_bitcoind_1     | 2025-02-13T09:52:06Z * Using 53.4 MiB for transaction index database
bitcoin_server_1       | ::ffff:10.21.0.13 - - [Thu, 13 Feb 2025 09:45:12 GMT] "GET /js/app.e82d78a2.js HTTP/1.1" 304 - "-" "Mozilla/5.0 (iPhone; CPU iPhone OS 18_3_1 like Mac OS X) AppleWebKit/605.1.15 (KHTML, like Gecko) Version/18.3 Mobile/15E148 Safari/604.1"
bitcoin_bitcoind_1     | 2025-02-13T09:52:06Z * Using 46.7 MiB for basic block filter index database
bitcoin_server_1       | 
bitcoin_bitcoind_1     | 2025-02-13T09:52:06Z * Using 8.0 MiB for chain state database
bitcoin_server_1       | umbrel-middleware
bitcoin_bitcoind_1     | 2025-02-13T09:52:06Z * Using 318.9 MiB for in-memory UTXO set (plus up to 286.1 MiB of unused mempool space)
bitcoin_server_1       | ::ffff:10.21.0.13 - - [Thu, 13 Feb 2025 09:45:12 GMT] "GET /css/app.2f2297ab.css HTTP/1.1" 304 - "-" "Mozilla/5.0 (iPhone; CPU iPhone OS 18_3_1 like Mac OS X) AppleWebKit/605.1.15 (KHTML, like Gecko) Version/18.3 Mobile/15E148 Safari/604.1"
bitcoin_bitcoind_1     | 2025-02-13T09:52:06Z Using obfuscation key for blocksdir *.dat files (/data/.bitcoin/blocks): '23776cb367a4533b'
bitcoin_server_1       | 
bitcoin_bitcoind_1     | 2025-02-13T09:52:06Z Using 16 MiB out of 16 MiB requested for signature cache, able to store 524288 elements
bitcoin_server_1       | umbrel-middleware
bitcoin_bitcoind_1     | 2025-02-13T09:52:06Z Using 16 MiB out of 16 MiB requested for script execution cache, able to store 524288 elements
bitcoin_server_1       | ::ffff:10.21.0.13 - - [Thu, 13 Feb 2025 09:45:15 GMT] "GET /ping HTTP/1.1" 304 - "-" "Mozilla/5.0 (iPhone; CPU iPhone OS 18_3_1 like Mac OS X) AppleWebKit/605.1.15 (KHTML, like Gecko) Version/18.3 Mobile/15E148 Safari/604.1"
bitcoin_bitcoind_1     | 2025-02-13T09:52:06Z init message: Loading block index…
bitcoin_server_1       | 
bitcoin_server_1       | umbrel-middleware
bitcoin_bitcoind_1     | 2025-02-13T09:52:06Z Assuming ancestors of block 000000000000000000011c5890365bdbe5d25b97ce0057589acaef4f1a57263f have valid signatures.
bitcoin_server_1       | ::ffff:10.21.0.13 - - [Thu, 13 Feb 2025 09:45:15 GMT] "GET /v1/bitcoind/info/status HTTP/1.1" 304 - "-" "Mozilla/5.0 (iPhone; CPU iPhone OS 18_3_1 like Mac OS X) AppleWebKit/605.1.15 (KHTML, like Gecko) Version/18.3 Mobile/15E148 Safari/604.1"
bitcoin_bitcoind_1     | 2025-02-13T09:52:06Z Setting nMinimumChainWork=000000000000000000000000000000000000000088e186b70e0862c193ec44d6
bitcoin_server_1       | 
bitcoin_bitcoind_1     | 2025-02-13T09:52:06Z Opening LevelDB in /data/.bitcoin/blocks/index
bitcoin_server_1       | umbrel-middleware
bitcoin_bitcoind_1     | 2025-02-13T09:52:06Z Opened LevelDB successfully
bitcoin_server_1       | ::ffff:10.21.0.13 - - [Thu, 13 Feb 2025 09:45:15 GMT] "GET /v1/bitcoind/system/bitcoin-config HTTP/1.1" 304 - "-" "Mozilla/5.0 (iPhone; CPU iPhone OS 18_3_1 like Mac OS X) AppleWebKit/605.1.15 (KHTML, like Gecko) Version/18.3 Mobile/15E148 Safari/604.1"
bitcoin_server_1       | 
bitcoin_server_1       | umbrel-middleware
bitcoin_server_1       | ::ffff:10.21.0.13 - - [Thu, 13 Feb 2025 09:45:16 GMT] "GET /v1/bitcoind/info/status HTTP/1.1" 304 - "-" "Mozilla/5.0 (iPhone; CPU iPhone OS 18_3_1 like Mac OS X) AppleWebKit/605.1.15 (KHTML, like Gecko) Version/18.3 Mobile/15E148 Safari/604.1"
bitcoin_server_1       | 
bitcoin_server_1       | umbrel-middleware
bitcoin_server_1       | ::ffff:10.21.0.13 - - [Thu, 13 Feb 2025 09:45:17 GMT] "GET /v1/bitcoind/info/status HTTP/1.1" 304 - "-" "Mozilla/5.0 (iPhone; CPU iPhone OS 18_3_1 like Mac OS X) AppleWebKit/605.1.15 (KHTML, like Gecko) Version/18.3 Mobile/15E148 Safari/604.1"
bitcoin_server_1       | 
bitcoin_server_1       | umbrel-middleware
bitcoin_server_1       | ::ffff:10.21.0.13 - - [Thu, 13 Feb 2025 09:45:18 GMT] "GET /v1/bitcoind/info/status HTTP/1.1" 304 - "-" "Mozilla/5.0 (iPhone; CPU iPhone OS 18_3_1 like Mac OS X) AppleWebKit/605.1.15 (KHTML, like Gecko) Version/18.3 Mobile/15E148 Safari/604.1"
bitcoin_server_1       | 
bitcoin_bitcoind_1     | 2025-02-13T09:52:06Z Using obfuscation key for /data/.bitcoin/blocks/index: 0000000000000000
bitcoin_bitcoind_1     | 2025-02-13T09:52:10Z LoadBlockIndexDB: last block file = 4338
bitcoin_server_1       | umbrel-middleware
bitcoin_server_1       | ::ffff:10.21.0.13 - - [Thu, 13 Feb 2025 09:45:19 GMT] "GET /v1/bitcoind/info/status HTTP/1.1" 304 - "-" "Mozilla/5.0 (iPhone; CPU iPhone OS 18_3_1 like Mac OS X) AppleWebKit/605.1.15 (KHTML, like Gecko) Version/18.3 Mobile/15E148 Safari/604.1"
bitcoin_server_1       | 
bitcoin_server_1       | umbrel-middleware
bitcoin_server_1       | ::ffff:10.21.0.13 - - [Thu, 13 Feb 2025 09:45:20 GMT] "GET /v1/bitcoind/info/status HTTP/1.1" 304 - "-" "Mozilla/5.0 (iPhone; CPU iPhone OS 18_3_1 like Mac OS X) AppleWebKit/605.1.15 (KHTML, like Gecko) Version/18.3 Mobile/15E148 Safari/604.1"
bitcoin_server_1       | 
bitcoin_server_1       | umbrel-middleware
bitcoin_server_1       | ::ffff:10.21.0.13 - - [Thu, 13 Feb 2025 09:45:21 GMT] "GET /v1/bitcoind/info/status HTTP/1.1" 304 - "-" "Mozilla/5.0 (iPhone; CPU iPhone OS 18_3_1 like Mac OS X) AppleWebKit/605.1.15 (KHTML, like Gecko) Version/18.3 Mobile/15E148 Safari/604.1"
bitcoin_server_1       | 
bitcoin_server_1       | umbrel-middleware
bitcoin_server_1       | ::ffff:10.21.0.13 - - [Thu, 13 Feb 2025 09:45:23 GMT] "GET /v1/bitcoind/info/status HTTP/1.1" 304 - "-" "Mozilla/5.0 (iPhone; CPU iPhone OS 18_3_1 like Mac OS X) AppleWebKit/605.1.15 (KHTML, like Gecko) Version/18.3 Mobile/15E148 Safari/604.1"
bitcoin_server_1       | 
bitcoin_server_1       | umbrel-middleware
bitcoin_server_1       | ::ffff:10.21.0.13 - - [Thu, 13 Feb 2025 09:45:25 GMT] "GET /v1/bitcoind/info/status HTTP/1.1" 304 - "-" "Mozilla/5.0 (iPhone; CPU iPhone OS 18_3_1 like Mac OS X) AppleWebKit/605.1.15 (KHTML, like Gecko) Version/18.3 Mobile/15E148 Safari/604.1"
bitcoin_server_1       | 
bitcoin_server_1       | umbrel-middleware
bitcoin_server_1       | ::ffff:10.21.0.13 - - [Thu, 13 Feb 2025 09:45:26 GMT] "GET /v1/bitcoind/info/status HTTP/1.1" 304 - "-" "Mozilla/5.0 (iPhone; CPU iPhone OS 18_3_1 like Mac OS X) AppleWebKit/605.1.15 (KHTML, like Gecko) Version/18.3 Mobile/15E148 Safari/604.1"
bitcoin_server_1       | 
bitcoin_server_1       | umbrel-middleware
bitcoin_server_1       | ::ffff:10.21.0.13 - - [Thu, 13 Feb 2025 09:45:27 GMT] "GET /v1/bitcoind/info/status HTTP/1.1" 304 - "-" "Mozilla/5.0 (iPhone; CPU iPhone OS 18_3_1 like Mac OS X) AppleWebKit/605.1.15 (KHTML, like Gecko) Version/18.3 Mobile/15E148 Safari/604.1"
bitcoin_server_1       | 
bitcoin_server_1       | umbrel-middleware
bitcoin_server_1       | ::ffff:10.21.0.13 - - [Thu, 13 Feb 2025 09:45:28 GMT] "GET /v1/bitcoind/info/status HTTP/1.1" 304 - "-" "Mozilla/5.0 (iPhone; CPU iPhone OS 18_3_1 like Mac OS X) AppleWebKit/605.1.15 (KHTML, like Gecko) Version/18.3 Mobile/15E148 Safari/604.1"
bitcoin_server_1       | 
bitcoin_server_1       | umbrel-middleware
bitcoin_server_1       | ::ffff:10.21.0.13 - - [Thu, 13 Feb 2025 09:45:29 GMT] "GET /v1/bitcoind/info/status HTTP/1.1" 304 - "-" "Mozilla/5.0 (iPhone; CPU iPhone OS 18_3_1 like Mac OS X) AppleWebKit/605.1.15 (KHTML, like Gecko) Version/18.3 Mobile/15E148 Safari/604.1"
bitcoin_server_1       | 
bitcoin_server_1       | umbrel-middleware
bitcoin_server_1       | ::ffff:10.21.0.13 - - [Thu, 13 Feb 2025 09:45:30 GMT] "GET /v1/bitcoind/info/status HTTP/1.1" 304 - "-" "Mozilla/5.0 (iPhone; CPU iPhone OS 18_3_1 like Mac OS X) AppleWebKit/605.1.15 (KHTML, like Gecko) Version/18.3 Mobile/15E148 Safari/604.1"
bitcoin_server_1       | 
bitcoin_server_1       | umbrel-middleware
bitcoin_server_1       | ::ffff:10.21.0.13 - - [Thu, 13 Feb 2025 09:45:31 GMT] "GET /v1/bitcoind/info/status HTTP/1.1" 304 - "-" "Mozilla/5.0 (iPhone; CPU iPhone OS 18_3_1 like Mac OS X) AppleWebKit/605.1.15 (KHTML, like Gecko) Version/18.3 Mobile/15E148 Safari/604.1"
bitcoin_server_1       | 
bitcoin_server_1       | umbrel-middleware
bitcoin_server_1       | ::ffff:10.21.0.13 - - [Thu, 13 Feb 2025 09:45:32 GMT] "GET /v1/bitcoind/info/status HTTP/1.1" 304 - "-" "Mozilla/5.0 (iPhone; CPU iPhone OS 18_3_1 like Mac OS X) AppleWebKit/605.1.15 (KHTML, like Gecko) Version/18.3 Mobile/15E148 Safari/604.1"
bitcoin_server_1       | 
bitcoin_server_1       | umbrel-middleware
bitcoin_server_1       | ::ffff:10.21.0.13 - - [Thu, 13 Feb 2025 09:45:33 GMT] "GET /v1/bitcoind/info/status HTTP/1.1" 304 - "-" "Mozilla/5.0 (iPhone; CPU iPhone OS 18_3_1 like Mac OS X) AppleWebKit/605.1.15 (KHTML, like Gecko) Version/18.3 Mobile/15E148 Safari/604.1"
bitcoin_server_1       | 
bitcoin_server_1       | umbrel-middleware
bitcoin_server_1       | ::ffff:10.21.0.13 - - [Thu, 13 Feb 2025 09:45:34 GMT] "GET /v1/bitcoind/info/status HTTP/1.1" 304 - "-" "Mozilla/5.0 (iPhone; CPU iPhone OS 18_3_1 like Mac OS X) AppleWebKit/605.1.15 (KHTML, like Gecko) Version/18.3 Mobile/15E148 Safari/604.1"
bitcoin_server_1       | 
bitcoin_i2pd_daemon_1  | 09:44:01@841/error - Tunnels: Can't create inbound tunnel, no peers available
bitcoin_i2pd_daemon_1  | 09:44:01@841/error - Tunnels: Can't select next hop for 69SA332St26ZJzhCTFUzKaMSc1j2MVO2u7HLbZmoK4k=
bitcoin_i2pd_daemon_1  | 09:44:01@841/error - Tunnels: Can't create inbound tunnel, no peers available
bitcoin_i2pd_daemon_1  | 09:44:01@841/error - Tunnels: Can't select next hop for 69SA332St26ZJzhCTFUzKaMSc1j2MVO2u7HLbZmoK4k=
bitcoin_i2pd_daemon_1  | 09:44:01@841/error - Tunnels: Can't create inbound tunnel, no peers available
bitcoin_tor_1          | Feb 13 09:45:56.000 [notice] Bootstrapped 63% (loading_descriptors): Loading relay descriptors
bitcoin_tor_1          | Feb 13 09:45:56.000 [notice] Bootstrapped 71% (loading_descriptors): Loading relay descriptors
bitcoin_tor_1          | Feb 13 09:45:56.000 [notice] Bootstrapped 75% (enough_dirinfo): Loaded enough directory info to build circuits
bitcoin_tor_1          | Feb 13 09:45:57.000 [notice] Bootstrapped 80% (ap_conn): Connecting to a relay to build circuits
bitcoin_tor_1          | Feb 13 09:45:57.000 [notice] Bootstrapped 85% (ap_conn_done): Connected to a relay to build circuits
bitcoin_tor_1          | Feb 13 09:45:57.000 [notice] Bootstrapped 89% (ap_handshake): Finishing handshake with a relay to build circuits
bitcoin_tor_1          | Feb 13 09:45:57.000 [notice] Bootstrapped 90% (ap_handshake_done): Handshake finished with a relay to build circuits
bitcoin_tor_1          | Feb 13 09:45:57.000 [notice] Bootstrapped 95% (circuit_create): Establishing a Tor circuit
bitcoin_tor_1          | Feb 13 09:45:57.000 [notice] Bootstrapped 100% (done): Done
bitcoin_i2pd_daemon_1  | 09:44:02@841/error - Tunnels: Can't select next hop for 69SA332St26ZJzhCTFUzKaMSc1j2MVO2u7HLbZmoK4k=
bitcoin_server_1       | umbrel-middleware
bitcoin_i2pd_daemon_1  | 09:44:02@841/error - Tunnels: Can't create inbound tunnel, no peers available
bitcoin_i2pd_daemon_1  | 09:44:02@841/error - Tunnels: Can't select next hop for 69SA332St26ZJzhCTFUzKaMSc1j2MVO2u7HLbZmoK4k=
bitcoin_server_1       | ::ffff:10.21.0.13 - - [Thu, 13 Feb 2025 09:45:35 GMT] "GET /v1/bitcoind/info/status HTTP/1.1" 304 - "-" "Mozilla/5.0 (iPhone; CPU iPhone OS 18_3_1 like Mac OS X) AppleWebKit/605.1.15 (KHTML, like Gecko) Version/18.3 Mobile/15E148 Safari/604.1"
bitcoin_i2pd_daemon_1  | 09:44:02@841/error - Tunnels: Can't create inbound tunnel, no peers available
bitcoin_server_1       | 
bitcoin_i2pd_daemon_1  | 09:45:06@763/error - Destination: Can't publish LeaseSet. Destination is not ready
bitcoin_server_1       | umbrel-middleware
bitcoin_i2pd_daemon_1  | 09:46:08@763/error - SAM: Read error: End of file
bitcoin_server_1       | ::ffff:10.21.0.13 - - [Thu, 13 Feb 2025 09:45:36 GMT] "GET /v1/bitcoind/info/status HTTP/1.1" 304 - "-" "Mozilla/5.0 (iPhone; CPU iPhone OS 18_3_1 like Mac OS X) AppleWebKit/605.1.15 (KHTML, like Gecko) Version/18.3 Mobile/15E148 Safari/604.1"
bitcoin_i2pd_daemon_1  | 09:47:47@763/error - SAM: Read error: End of file
bitcoin_server_1       | 
bitcoin_i2pd_daemon_1  | 09:48:11@763/error - Destination: Can't publish LeaseSet. Destination is not ready
bitcoin_server_1       | umbrel-middleware
bitcoin_i2pd_daemon_1  | 09:51:57@354/error - Garlic: Can't handle ECIES-X25519-AEAD-Ratchet message
bitcoin_server_1       | ::ffff:10.21.0.13 - - [Thu, 13 Feb 2025 09:45:37 GMT] "GET /v1/bitcoind/info/status HTTP/1.1" 304 - "-" "Mozilla/5.0 (iPhone; CPU iPhone OS 18_3_1 like Mac OS X) AppleWebKit/605.1.15 (KHTML, like Gecko) Version/18.3 Mobile/15E148 Safari/604.1"
bitcoin_i2pd_daemon_1  | 09:51:59@354/error - Garlic: Can't handle ECIES-X25519-AEAD-Ratchet message
bitcoin_server_1       | 
bitcoin_i2pd_daemon_1  | 09:55:06@763/error - Destination: Can't publish LeaseSet. Destination is not ready
bitcoin_server_1       | umbrel-middleware
bitcoin_server_1       | ::ffff:10.21.0.13 - - [Thu, 13 Feb 2025 09:45:38 GMT] "GET /v1/bitcoind/info/status HTTP/1.1" 304 - "-" "Mozilla/5.0 (iPhone; CPU iPhone OS 18_3_1 like Mac OS X) AppleWebKit/605.1.15 (KHTML, like Gecko) Version/18.3 Mobile/15E148 Safari/604.1"
bitcoin_server_1       | 
bitcoin_server_1       | umbrel-middleware
bitcoin_server_1       | ::ffff:10.21.0.13 - - [Thu, 13 Feb 2025 09:45:39 GMT] "GET /v1/bitcoind/info/status HTTP/1.1" 304 - "-" "Mozilla/5.0 (iPhone; CPU iPhone OS 18_3_1 like Mac OS X) AppleWebKit/605.1.15 (KHTML, like Gecko) Version/18.3 Mobile/15E148 Safari/604.1"
bitcoin_server_1       | 
bitcoin_server_1       | umbrel-middleware
bitcoin_server_1       | ::ffff:10.21.0.13 - - [Thu, 13 Feb 2025 09:45:40 GMT] "GET /v1/bitcoind/info/status HTTP/1.1" 304 - "-" "Mozilla/5.0 (iPhone; CPU iPhone OS 18_3_1 like Mac OS X) AppleWebKit/605.1.15 (KHTML, like Gecko) Version/18.3 Mobile/15E148 Safari/604.1"
bitcoin_bitcoind_1     | 2025-02-13T09:52:10Z LoadBlockIndexDB: last block file info: CBlockFileInfo(blocks=59, size=92952465, heights=847282...848304, time=2024-06-10...2024-06-17)
bitcoin_bitcoind_1     | 2025-02-13T09:52:10Z Checking all blk files are present...
bitcoin_bitcoind_1     | 2025-02-13T09:52:11Z Initializing chainstate Chainstate [ibd] @ height -1 (null)
bitcoin_bitcoind_1     | 2025-02-13T09:52:11Z Opening LevelDB in /data/.bitcoin/chainstate
bitcoin_bitcoind_1     | 2025-02-13T09:52:11Z Opened LevelDB successfully
bitcoin_bitcoind_1     | 2025-02-13T09:52:11Z Using obfuscation key for /data/.bitcoin/chainstate: 41564c3007c148ec
bitcoin_bitcoind_1     | 2025-02-13T09:52:12Z Loaded best chain: hashBestChain=000000000000000000015b5964b8dbbe81bbb3b3e7bdcaa7951a1dc6fd095eed height=847320 date=2024-06-10T07:03:09Z progress=0.876327
bitcoin_bitcoind_1     | 2025-02-13T09:52:12Z Opening LevelDB in /data/.bitcoin/chainstate
bitcoin_bitcoind_1     | 2025-02-13T09:52:12Z Opened LevelDB successfully
bitcoin_bitcoind_1     | 2025-02-13T09:52:12Z Using obfuscation key for /data/.bitcoin/chainstate: 41564c3007c148ec
bitcoin_bitcoind_1     | 2025-02-13T09:52:12Z [Chainstate [ibd] @ height 847320 (000000000000000000015b5964b8dbbe81bbb3b3e7bdcaa7951a1dc6fd095eed)] resized coinsdb cache to 8.0 MiB
bitcoin_bitcoind_1     | 2025-02-13T09:52:12Z [Chainstate [ibd] @ height 847320 (000000000000000000015b5964b8dbbe81bbb3b3e7bdcaa7951a1dc6fd095eed)] resized coinstip cache to 318.9 MiB
bitcoin_bitcoind_1     | 2025-02-13T09:52:12Z init message: Verifying blocks…
bitcoin_bitcoind_1     | 2025-02-13T09:52:12Z Verifying last 6 blocks at level 3
bitcoin_bitcoind_1     | 2025-02-13T09:52:12Z Verification progress: 0%
bitcoin_bitcoind_1     | 2025-02-13T09:52:12Z Verification progress: 16%
bitcoin_bitcoind_1     | 2025-02-13T09:52:12Z Verification progress: 33%
bitcoin_bitcoind_1     | 2025-02-13T09:52:13Z Verification progress: 50%
bitcoin_bitcoind_1     | 2025-02-13T09:52:13Z Verification progress: 66%
bitcoin_bitcoind_1     | 2025-02-13T09:52:13Z Verification progress: 83%
bitcoin_bitcoind_1     | 2025-02-13T09:52:13Z Verification progress: 99%
bitcoin_bitcoind_1     | 2025-02-13T09:52:13Z Verification: No coin database inconsistencies in last 6 blocks (30791 transactions)
bitcoin_bitcoind_1     | 2025-02-13T09:52:13Z  block index            7848ms
bitcoin_bitcoind_1     | 2025-02-13T09:52:13Z Opening LevelDB in /data/.bitcoin/indexes/txindex
bitcoin_bitcoind_1     | 2025-02-13T09:52:14Z Opened LevelDB successfully
bitcoin_bitcoind_1     | 2025-02-13T09:52:14Z Using obfuscation key for /data/.bitcoin/indexes/txindex: 0000000000000000
bitcoin_bitcoind_1     | 2025-02-13T09:52:14Z Opening LevelDB in /data/.bitcoin/indexes/blockfilter/basic/db
bitcoin_bitcoind_1     | 2025-02-13T09:52:14Z Opened LevelDB successfully
bitcoin_bitcoind_1     | 2025-02-13T09:52:14Z Using obfuscation key for /data/.bitcoin/indexes/blockfilter/basic/db: 0000000000000000
bitcoin_bitcoind_1     | 2025-02-13T09:52:14Z Setting NODE_NETWORK on non-prune mode
bitcoin_bitcoind_1     | 2025-02-13T09:52:14Z block tree size = 883508
bitcoin_bitcoind_1     | 2025-02-13T09:52:14Z nBestHeight = 847320
bitcoin_bitcoind_1     | 2025-02-13T09:52:14Z initload thread start
bitcoin_bitcoind_1     | 2025-02-13T09:52:14Z Bound to 0.0.0.0:8333
bitcoin_bitcoind_1     | 2025-02-13T09:52:14Z Bound to 10.21.21.8:8334
bitcoin_bitcoind_1     | 2025-02-13T09:52:14Z 0 block-relay-only anchors will be tried for connections.
bitcoin_bitcoind_1     | 2025-02-13T09:52:14Z init message: Starting network threads…
bitcoin_bitcoind_1     | 2025-02-13T09:52:14Z net thread start
bitcoin_bitcoind_1     | 2025-02-13T09:52:14Z dnsseed thread start
bitcoin_bitcoind_1     | 2025-02-13T09:52:14Z Waiting 300 seconds before querying DNS seeds.
bitcoin_bitcoind_1     | 2025-02-13T09:52:14Z addcon thread start
bitcoin_bitcoind_1     | 2025-02-13T09:52:14Z opencon thread start
bitcoin_bitcoind_1     | 2025-02-13T09:52:14Z msghand thread start
bitcoin_bitcoind_1     | 2025-02-13T09:52:14Z UpdateTip: new best=000000000000000000028c46037188719f5bb8e63c2acbe34e0b2a7d70bf8ef8 height=847321 version=0x20c00000 log2_work=94.976018 tx=1021317413 date='2024-06-10T07:16:08Z' progress=0.876331 cache=1.8MiB(11179txo)
bitcoin_bitcoind_1     | 2025-02-13T09:52:14Z UpdateTip: new best=00000000000000000000b23fe3f95e87b01e3b91f23c597919d2a94b0f02926a height=847322 version=0x24000000 log2_work=94.976031 tx=1021320202 date='2024-06-10T07:43:15Z' progress=0.876334 cache=3.6MiB(24981txo)
bitcoin_server_1       | 
bitcoin_server_1       | umbrel-middleware
bitcoin_server_1       | ::ffff:10.21.0.13 - - [Thu, 13 Feb 2025 09:45:41 GMT] "GET /v1/bitcoind/info/status HTTP/1.1" 304 - "-" "Mozilla/5.0 (iPhone; CPU iPhone OS 18_3_1 like Mac OS X) AppleWebKit/605.1.15 (KHTML, like Gecko) Version/18.3 Mobile/15E148 Safari/604.1"
bitcoin_server_1       | 
bitcoin_server_1       | umbrel-middleware
bitcoin_server_1       | ::ffff:10.21.0.13 - - [Thu, 13 Feb 2025 09:45:43 GMT] "GET /v1/bitcoind/info/status HTTP/1.1" 304 - "-" "Mozilla/5.0 (iPhone; CPU iPhone OS 18_3_1 like Mac OS X) AppleWebKit/605.1.15 (KHTML, like Gecko) Version/18.3 Mobile/15E148 Safari/604.1"
bitcoin_server_1       | 
bitcoin_server_1       | umbrel-middleware
bitcoin_server_1       | ::ffff:10.21.0.13 - - [Thu, 13 Feb 2025 09:45:44 GMT] "GET /v1/bitcoind/info/status HTTP/1.1" 304 - "-" "Mozilla/5.0 (iPhone; CPU iPhone OS 18_3_1 like Mac OS X) AppleWebKit/605.1.15 (KHTML, like Gecko) Version/18.3 Mobile/15E148 Safari/604.1"
bitcoin_server_1       | 
bitcoin_server_1       | umbrel-middleware
bitcoin_bitcoind_1     | 2025-02-13T09:52:14Z UpdateTip: new best=000000000000000000031b5866b8a3702b70c44b751be809462a6adc5d490fc7 height=847323 version=0x26af2000 log2_work=94.976044 tx=1021325335 date='2024-06-10T07:48:24Z' progress=0.876338 cache=4.7MiB(33971txo)
bitcoin_bitcoind_1     | 2025-02-13T09:52:14Z UpdateTip: new best=00000000000000000001a8f31c9a60f4a117672f0cb5dc4829338dffd5e038ea height=847324 version=0x3fffe000 log2_work=94.976058 tx=1021329276 date='2024-06-10T08:11:49Z' progress=0.876341 cache=6.3MiB(45662txo)
bitcoin_bitcoind_1     | 2025-02-13T09:52:15Z UpdateTip: new best=00000000000000000002c1293ab3076faa3a1c3f6bd58ff936d7868e78b31c06 height=847325 version=0x20024000 log2_work=94.976071 tx=1021332977 date='2024-06-10T08:46:45Z' progress=0.876345 cache=8.2MiB(59597txo)
bitcoin_bitcoind_1     | Error: Error reading from database, shutting down.
bitcoin_bitcoind_1     | 2025-02-13T09:52:15Z LevelDB read failure: Corruption: block checksum mismatch: /data/.bitcoin/chainstate/1007517.ldb
bitcoin_bitcoind_1     | 2025-02-13T09:52:15Z Fatal LevelDB error: Corruption: block checksum mismatch: /data/.bitcoin/chainstate/1007517.ldb
bitcoin_bitcoind_1     | 2025-02-13T09:52:15Z You can use -debug=leveldb to get more complete diagnostic messages
bitcoin_bitcoind_1     | 2025-02-13T09:52:15Z [error] Error reading from database, shutting down.
bitcoin_bitcoind_1     | 2025-02-13T09:52:15Z [error] Error reading from database: Fatal LevelDB error: Corruption: block checksum mismatch: /data/.bitcoin/chainstate/1007517.ldb
bitcoin_bitcoind_1     | 2025-02-13T09:53:15Z Ignoring unknown configuration value maxtimeadjustment
bitcoin_bitcoind_1     | 2025-02-13T09:53:15Z Included configuration file umbrel-bitcoin.conf
bitcoin_bitcoind_1     | 2025-02-13T09:53:15Z Bitcoin Core version v28.0.0 (release build)
bitcoin_bitcoind_1     | 2025-02-13T09:53:15Z Script verification uses 3 additional threads
bitcoin_bitcoind_1     | 2025-02-13T09:53:15Z Using the 'arm_shani(1way,2way)' SHA256 implementation
bitcoin_bitcoind_1     | 2025-02-13T09:53:15Z Default data directory /data/.bitcoin
bitcoin_bitcoind_1     | 2025-02-13T09:53:15Z Using data directory /data/.bitcoin
bitcoin_bitcoind_1     | 2025-02-13T09:53:15Z Config file: /data/.bitcoin/bitcoin.conf
bitcoin_server_1       | ::ffff:10.21.0.13 - - [Thu, 13 Feb 2025 09:45:45 GMT] "GET /v1/bitcoind/info/status HTTP/1.1" 304 - "-" "Mozilla/5.0 (iPhone; CPU iPhone OS 18_3_1 like Mac OS X) AppleWebKit/605.1.15 (KHTML, like Gecko) Version/18.3 Mobile/15E148 Safari/604.1"
bitcoin_server_1       | 
bitcoin_server_1       | umbrel-middleware
bitcoin_server_1       | ::ffff:10.21.0.13 - - [Thu, 13 Feb 2025 09:45:46 GMT] "GET /v1/bitcoind/info/status HTTP/1.1" 304 - "-" "Mozilla/5.0 (iPhone; CPU iPhone OS 18_3_1 like Mac OS X) AppleWebKit/605.1.15 (KHTML, like Gecko) Version/18.3 Mobile/15E148 Safari/604.1"
bitcoin_server_1       | 
bitcoin_server_1       | umbrel-middleware
bitcoin_server_1       | ::ffff:10.21.0.13 - - [Thu, 13 Feb 2025 09:45:47 GMT] "GET /v1/bitcoind/info/status HTTP/1.1" 304 - "-" "Mozilla/5.0 (iPhone; CPU iPhone OS 18_3_1 like Mac OS X) AppleWebKit/605.1.15 (KHTML, like Gecko) Version/18.3 Mobile/15E148 Safari/604.1"
bitcoin_server_1       | 
bitcoin_server_1       | umbrel-middleware
bitcoin_server_1       | ::ffff:10.21.0.13 - - [Thu, 13 Feb 2025 09:45:48 GMT] "GET /v1/bitcoind/info/status HTTP/1.1" 304 - "-" "Mozilla/5.0 (iPhone; CPU iPhone OS 18_3_1 like Mac OS X) AppleWebKit/605.1.15 (KHTML, like Gecko) Version/18.3 Mobile/15E148 Safari/604.1"
bitcoin_server_1       | 
bitcoin_server_1       | umbrel-middleware
bitcoin_server_1       | ::ffff:10.21.0.13 - - [Thu, 13 Feb 2025 09:45:49 GMT] "GET /v1/bitcoind/info/status HTTP/1.1" 304 - "-" "Mozilla/5.0 (iPhone; CPU iPhone OS 18_3_1 like Mac OS X) AppleWebKit/605.1.15 (KHTML, like Gecko) Version/18.3 Mobile/15E148 Safari/604.1"
bitcoin_server_1       | 
bitcoin_server_1       | umbrel-middleware
bitcoin_server_1       | ::ffff:10.21.0.13 - - [Thu, 13 Feb 2025 09:45:50 GMT] "GET /v1/bitcoind/info/status HTTP/1.1" 304 - "-" "Mozilla/5.0 (iPhone; CPU iPhone OS 18_3_1 like Mac OS X) AppleWebKit/605.1.15 (KHTML, like Gecko) Version/18.3 Mobile/15E148 Safari/604.1"
bitcoin_server_1       | 
bitcoin_server_1       | umbrel-middleware
bitcoin_server_1       | ::ffff:10.21.0.13 - - [Thu, 13 Feb 2025 09:45:51 GMT] "GET /v1/bitcoind/info/status HTTP/1.1" 304 - "-" "Mozilla/5.0 (iPhone; CPU iPhone OS 18_3_1 like Mac OS X) AppleWebKit/605.1.15 (KHTML, like Gecko) Version/18.3 Mobile/15E148 Safari/604.1"
bitcoin_server_1       | 
bitcoin_server_1       | umbrel-middleware
bitcoin_server_1       | ::ffff:10.21.0.13 - - [Thu, 13 Feb 2025 09:45:52 GMT] "GET /v1/bitcoind/info/status HTTP/1.1" 304 - "-" "Mozilla/5.0 (iPhone; CPU iPhone OS 18_3_1 like Mac OS X) AppleWebKit/605.1.15 (KHTML, like Gecko) Version/18.3 Mobile/15E148 Safari/604.1"
bitcoin_server_1       | 
bitcoin_server_1       | umbrel-middleware
bitcoin_server_1       | ::ffff:10.21.0.13 - - [Thu, 13 Feb 2025 09:45:53 GMT] "GET /v1/bitcoind/info/status HTTP/1.1" 304 - "-" "Mozilla/5.0 (iPhone; CPU iPhone OS 18_3_1 like Mac OS X) AppleWebKit/605.1.15 (KHTML, like Gecko) Version/18.3 Mobile/15E148 Safari/604.1"
bitcoin_server_1       | 
bitcoin_server_1       | umbrel-middleware
bitcoin_server_1       | ::ffff:10.21.0.13 - - [Thu, 13 Feb 2025 09:45:55 GMT] "GET /v1/bitcoind/info/status HTTP/1.1" 304 - "-" "Mozilla/5.0 (iPhone; CPU iPhone OS 18_3_1 like Mac OS X) AppleWebKit/605.1.15 (KHTML, like Gecko) Version/18.3 Mobile/15E148 Safari/604.1"
bitcoin_server_1       | 
bitcoin_server_1       | umbrel-middleware
bitcoin_server_1       | ::ffff:10.21.0.13 - - [Thu, 13 Feb 2025 09:45:56 GMT] "GET /v1/bitcoind/info/status HTTP/1.1" 304 - "-" "Mozilla/5.0 (iPhone; CPU iPhone OS 18_3_1 like Mac OS X) AppleWebKit/605.1.15 (KHTML, like Gecko) Version/18.3 Mobile/15E148 Safari/604.1"
bitcoin_server_1       | 
bitcoin_server_1       | umbrel-middleware
bitcoin_server_1       | ::ffff:10.21.0.13 - - [Thu, 13 Feb 2025 09:45:57 GMT] "GET /v1/bitcoind/info/status HTTP/1.1" 304 - "-" "Mozilla/5.0 (iPhone; CPU iPhone OS 18_3_1 like Mac OS X) AppleWebKit/605.1.15 (KHTML, like Gecko) Version/18.3 Mobile/15E148 Safari/604.1"
bitcoin_server_1       | 
bitcoin_server_1       | umbrel-middleware
bitcoin_bitcoind_1     | 2025-02-13T09:53:15Z Config file arg: bantime="86400"
bitcoin_bitcoind_1     | 2025-02-13T09:53:15Z Config file arg: blockfilterindex="1"
bitcoin_bitcoind_1     | 2025-02-13T09:53:15Z Config file arg: datacarriersize="83"
bitcoin_bitcoind_1     | 2025-02-13T09:53:15Z Config file arg: dbcache="429"
bitcoin_bitcoind_1     | 2025-02-13T09:53:15Z Config file arg: i2pacceptincoming="0"
bitcoin_bitcoind_1     | 2025-02-13T09:53:15Z Config file arg: i2psam="10.21.22.11:7656"
bitcoin_bitcoind_1     | 2025-02-13T09:53:15Z Config file arg: includeconf="umbrel-bitcoin.conf"
bitcoin_bitcoind_1     | 2025-02-13T09:53:15Z Config file arg: listen="1"
bitcoin_bitcoind_1     | 2025-02-13T09:53:15Z Config file arg: listenonion="0"
bitcoin_bitcoind_1     | 2025-02-13T09:53:15Z Config file arg: maxconnections="125"
bitcoin_bitcoind_1     | 2025-02-13T09:53:15Z Config file arg: maxmempool="300"
bitcoin_bitcoind_1     | 2025-02-13T09:53:15Z Config file arg: maxorphantx="100"
bitcoin_bitcoind_1     | 2025-02-13T09:53:15Z Config file arg: maxreceivebuffer="5000"
bitcoin_bitcoind_1     | 2025-02-13T09:53:15Z Config file arg: maxsendbuffer="1000"
bitcoin_bitcoind_1     | 2025-02-13T09:53:15Z Config file arg: maxuploadtarget="0"
bitcoin_bitcoind_1     | 2025-02-13T09:53:15Z Config file arg: mempoolexpiry="336"
bitcoin_bitcoind_1     | 2025-02-13T09:53:15Z Config file arg: mempoolfullrbf="1"
bitcoin_bitcoind_1     | 2025-02-13T09:53:15Z Config file arg: onion="10.21.22.10:9050"
bitcoin_bitcoind_1     | 2025-02-13T09:53:15Z Config file arg: onlynet="ipv4"
bitcoin_bitcoind_1     | 2025-02-13T09:53:15Z Config file arg: onlynet="ipv6"
bitcoin_bitcoind_1     | 2025-02-13T09:53:15Z Config file arg: onlynet="onion"
bitcoin_bitcoind_1     | 2025-02-13T09:53:15Z Config file arg: onlynet="i2p"
bitcoin_bitcoind_1     | 2025-02-13T09:53:15Z Config file arg: peerblockfilters="1"
bitcoin_bitcoind_1     | 2025-02-13T09:53:15Z Config file arg: peertimeout="60"
bitcoin_bitcoind_1     | 2025-02-13T09:53:15Z Config file arg: persistmempool="1"
bitcoin_bitcoind_1     | 2025-02-13T09:53:15Z Config file arg: rpcworkqueue="128"
bitcoin_bitcoind_1     | 2025-02-13T09:53:15Z Config file arg: timeout="5000"
bitcoin_bitcoind_1     | 2025-02-13T09:53:15Z Config file arg: torcontrol="10.21.22.10:9051"
bitcoin_bitcoind_1     | 2025-02-13T09:53:15Z Config file arg: torpassword=****
bitcoin_bitcoind_1     | 2025-02-13T09:53:15Z Config file arg: txindex="1"
bitcoin_bitcoind_1     | 2025-02-13T09:53:15Z Config file arg: whitelist="10.21.0.0/16"
bitcoin_bitcoind_1     | 2025-02-13T09:53:15Z Config file arg: [main] bind="0.0.0.0:8333"
bitcoin_bitcoind_1     | 2025-02-13T09:53:15Z Config file arg: [main] bind="10.21.21.8:8334=onion"
bitcoin_bitcoind_1     | 2025-02-13T09:53:15Z Command-line arg: deprecatedrpc="create_bdb"
bitcoin_bitcoind_1     | 2025-02-13T09:53:15Z Command-line arg: deprecatedrpc="warnings"
bitcoin_bitcoind_1     | 2025-02-13T09:53:15Z Command-line arg: port="8333"
bitcoin_bitcoind_1     | 2025-02-13T09:53:15Z Command-line arg: rpcallowip="10.21.0.0/16"
bitcoin_bitcoind_1     | 2025-02-13T09:53:15Z Command-line arg: rpcallowip="127.0.0.1"
bitcoin_bitcoind_1     | 2025-02-13T09:53:15Z Command-line arg: rpcauth=****
bitcoin_bitcoind_1     | 2025-02-13T09:53:15Z Command-line arg: rpcbind="10.21.21.8"
bitcoin_bitcoind_1     | 2025-02-13T09:53:15Z Command-line arg: rpcbind="127.0.0.1"
bitcoin_bitcoind_1     | 2025-02-13T09:53:15Z Command-line arg: rpcport="8332"
bitcoin_bitcoind_1     | 2025-02-13T09:53:15Z Command-line arg: zmqpubhashblock="tcp://0.0.0.0:28334"
bitcoin_bitcoind_1     | 2025-02-13T09:53:15Z Command-line arg: zmqpubrawblock="tcp://0.0.0.0:28332"
bitcoin_bitcoind_1     | 2025-02-13T09:53:15Z Command-line arg: zmqpubrawtx="tcp://0.0.0.0:28333"
bitcoin_bitcoind_1     | 2025-02-13T09:53:15Z Command-line arg: zmqpubsequence="tcp://0.0.0.0:28335"
bitcoin_bitcoind_1     | 2025-02-13T09:53:15Z Using at most 125 automatic connections (1048576 file descriptors available)
bitcoin_bitcoind_1     | 2025-02-13T09:53:15Z scheduler thread start
bitcoin_bitcoind_1     | 2025-02-13T09:53:15Z Binding RPC on address 10.21.21.8 port 8332
bitcoin_bitcoind_1     | 2025-02-13T09:53:15Z Binding RPC on address 127.0.0.1 port 8332
bitcoin_bitcoind_1     | 2025-02-13T09:53:15Z Using random cookie authentication.
bitcoin_bitcoind_1     | 2025-02-13T09:53:15Z Generated RPC authentication cookie /data/.bitcoin/.cookie
bitcoin_bitcoind_1     | 2025-02-13T09:53:15Z Permissions used for cookie: rw-------
bitcoin_bitcoind_1     | 2025-02-13T09:53:15Z Using rpcauth authentication.
bitcoin_bitcoind_1     | 2025-02-13T09:53:15Z Starting HTTP server with 4 worker threads
bitcoin_bitcoind_1     | 2025-02-13T09:53:15Z Using wallet directory /data/.bitcoin
bitcoin_bitcoind_1     | 2025-02-13T09:53:15Z init message: Verifying wallet(s)…
bitcoin_bitcoind_1     | 2025-02-13T09:53:15Z Using /16 prefix for IP bucketing
bitcoin_bitcoind_1     | 2025-02-13T09:53:15Z init message: Loading P2P addresses…
bitcoin_bitcoind_1     | 2025-02-13T09:53:16Z Loaded 57332 addresses from peers.dat  220ms
bitcoin_bitcoind_1     | 2025-02-13T09:53:16Z init message: Loading banlist…
bitcoin_bitcoind_1     | 2025-02-13T09:53:16Z SetNetworkActive: true
bitcoin_bitcoind_1     | 2025-02-13T09:53:16Z Script verification uses 3 additional threads
bitcoin_bitcoind_1     | 2025-02-13T09:53:16Z Cache configuration:
bitcoin_bitcoind_1     | 2025-02-13T09:53:16Z * Using 2.0 MiB for block index database
bitcoin_bitcoind_1     | 2025-02-13T09:53:16Z * Using 53.4 MiB for transaction index database
bitcoin_bitcoind_1     | 2025-02-13T09:53:16Z * Using 46.7 MiB for basic block filter index database
bitcoin_bitcoind_1     | 2025-02-13T09:53:16Z * Using 8.0 MiB for chain state database
bitcoin_bitcoind_1     | 2025-02-13T09:53:16Z * Using 318.9 MiB for in-memory UTXO set (plus up to 286.1 MiB of unused mempool space)
bitcoin_bitcoind_1     | 2025-02-13T09:53:16Z Using obfuscation key for blocksdir *.dat files (/data/.bitcoin/blocks): '23776cb367a4533b'
bitcoin_bitcoind_1     | 2025-02-13T09:53:16Z Using 16 MiB out of 16 MiB requested for signature cache, able to store 524288 elements
bitcoin_bitcoind_1     | 2025-02-13T09:53:16Z Using 16 MiB out of 16 MiB requested for script execution cache, able to store 524288 elements
bitcoin_bitcoind_1     | 2025-02-13T09:53:16Z init message: Loading block index…
bitcoin_bitcoind_1     | 2025-02-13T09:53:16Z Assuming ancestors of block 000000000000000000011c5890365bdbe5d25b97ce0057589acaef4f1a57263f have valid signatures.
bitcoin_bitcoind_1     | 2025-02-13T09:53:16Z Setting nMinimumChainWork=000000000000000000000000000000000000000088e186b70e0862c193ec44d6
bitcoin_bitcoind_1     | 2025-02-13T09:53:16Z Opening LevelDB in /data/.bitcoin/blocks/index
bitcoin_bitcoind_1     | 2025-02-13T09:53:16Z Opened LevelDB successfully
bitcoin_bitcoind_1     | 2025-02-13T09:53:16Z Using obfuscation key for /data/.bitcoin/blocks/index: 0000000000000000
bitcoin_bitcoind_1     | 2025-02-13T09:53:20Z LoadBlockIndexDB: last block file = 4338
bitcoin_bitcoind_1     | 2025-02-13T09:53:20Z LoadBlockIndexDB: last block file info: CBlockFileInfo(blocks=59, size=92952465, heights=847282...848304, time=2024-06-10...2024-06-17)
bitcoin_bitcoind_1     | 2025-02-13T09:53:20Z Checking all blk files are present...
bitcoin_bitcoind_1     | 2025-02-13T09:53:21Z Initializing chainstate Chainstate [ibd] @ height -1 (null)
bitcoin_bitcoind_1     | 2025-02-13T09:53:21Z Opening LevelDB in /data/.bitcoin/chainstate
bitcoin_bitcoind_1     | 2025-02-13T09:53:21Z Opened LevelDB successfully
bitcoin_bitcoind_1     | 2025-02-13T09:53:21Z Using obfuscation key for /data/.bitcoin/chainstate: 41564c3007c148ec
bitcoin_bitcoind_1     | 2025-02-13T09:53:22Z Loaded best chain: hashBestChain=000000000000000000015b5964b8dbbe81bbb3b3e7bdcaa7951a1dc6fd095eed height=847320 date=2024-06-10T07:03:09Z progress=0.876327
bitcoin_bitcoind_1     | 2025-02-13T09:53:22Z Opening LevelDB in /data/.bitcoin/chainstate
bitcoin_bitcoind_1     | 2025-02-13T09:53:22Z Opened LevelDB successfully
bitcoin_bitcoind_1     | 2025-02-13T09:53:22Z Using obfuscation key for /data/.bitcoin/chainstate: 41564c3007c148ec
bitcoin_bitcoind_1     | 2025-02-13T09:53:22Z [Chainstate [ibd] @ height 847320 (000000000000000000015b5964b8dbbe81bbb3b3e7bdcaa7951a1dc6fd095eed)] resized coinsdb cache to 8.0 MiB
bitcoin_bitcoind_1     | 2025-02-13T09:53:22Z [Chainstate [ibd] @ height 847320 (000000000000000000015b5964b8dbbe81bbb3b3e7bdcaa7951a1dc6fd095eed)] resized coinstip cache to 318.9 MiB
bitcoin_bitcoind_1     | 2025-02-13T09:53:22Z init message: Verifying blocks…
bitcoin_bitcoind_1     | 2025-02-13T09:53:22Z Verifying last 6 blocks at level 3
bitcoin_bitcoind_1     | 2025-02-13T09:53:22Z Verification progress: 0%
bitcoin_bitcoind_1     | 2025-02-13T09:53:22Z Verification progress: 16%
bitcoin_bitcoind_1     | 2025-02-13T09:53:22Z Verification progress: 33%
bitcoin_bitcoind_1     | 2025-02-13T09:53:23Z Verification progress: 50%
bitcoin_bitcoind_1     | 2025-02-13T09:53:23Z Verification progress: 66%
bitcoin_bitcoind_1     | 2025-02-13T09:53:23Z Verification progress: 83%
bitcoin_bitcoind_1     | 2025-02-13T09:53:23Z Verification progress: 99%
bitcoin_bitcoind_1     | 2025-02-13T09:53:23Z Verification: No coin database inconsistencies in last 6 blocks (30791 transactions)
bitcoin_bitcoind_1     | 2025-02-13T09:53:23Z  block index            7868ms
bitcoin_bitcoind_1     | 2025-02-13T09:53:23Z Opening LevelDB in /data/.bitcoin/indexes/txindex
bitcoin_bitcoind_1     | 2025-02-13T09:53:24Z Opened LevelDB successfully
bitcoin_bitcoind_1     | 2025-02-13T09:53:24Z Using obfuscation key for /data/.bitcoin/indexes/txindex: 0000000000000000
bitcoin_bitcoind_1     | 2025-02-13T09:53:24Z Opening LevelDB in /data/.bitcoin/indexes/blockfilter/basic/db
bitcoin_bitcoind_1     | 2025-02-13T09:53:24Z Opened LevelDB successfully
bitcoin_bitcoind_1     | 2025-02-13T09:53:24Z Using obfuscation key for /data/.bitcoin/indexes/blockfilter/basic/db: 0000000000000000
bitcoin_bitcoind_1     | 2025-02-13T09:53:24Z Setting NODE_NETWORK on non-prune mode
bitcoin_bitcoind_1     | 2025-02-13T09:53:24Z block tree size = 883508
bitcoin_bitcoind_1     | 2025-02-13T09:53:24Z nBestHeight = 847320
bitcoin_bitcoind_1     | 2025-02-13T09:53:24Z initload thread start
bitcoin_bitcoind_1     | 2025-02-13T09:53:24Z Bound to 0.0.0.0:8333
bitcoin_bitcoind_1     | 2025-02-13T09:53:24Z Bound to 10.21.21.8:8334
bitcoin_bitcoind_1     | 2025-02-13T09:53:24Z 0 block-relay-only anchors will be tried for connections.
bitcoin_bitcoind_1     | 2025-02-13T09:53:24Z init message: Starting network threads…
bitcoin_bitcoind_1     | 2025-02-13T09:53:24Z dnsseed thread start
bitcoin_bitcoind_1     | 2025-02-13T09:53:24Z net thread start
bitcoin_bitcoind_1     | 2025-02-13T09:53:24Z Waiting 300 seconds before querying DNS seeds.
bitcoin_bitcoind_1     | 2025-02-13T09:53:24Z msghand thread start
bitcoin_bitcoind_1     | 2025-02-13T09:53:24Z opencon thread start
bitcoin_bitcoind_1     | 2025-02-13T09:53:24Z addcon thread start
bitcoin_bitcoind_1     | 2025-02-13T09:53:24Z UpdateTip: new best=000000000000000000028c46037188719f5bb8e63c2acbe34e0b2a7d70bf8ef8 height=847321 version=0x20c00000 log2_work=94.976018 tx=1021317413 date='2024-06-10T07:16:08Z' progress=0.876331 cache=1.8MiB(11179txo)
bitcoin_bitcoind_1     | 2025-02-13T09:53:24Z UpdateTip: new best=00000000000000000000b23fe3f95e87b01e3b91f23c597919d2a94b0f02926a height=847322 version=0x24000000 log2_work=94.976031 tx=1021320202 date='2024-06-10T07:43:15Z' progress=0.876333 cache=3.6MiB(24981txo)
bitcoin_bitcoind_1     | 2025-02-13T09:53:24Z UpdateTip: new best=000000000000000000031b5866b8a3702b70c44b751be809462a6adc5d490fc7 height=847323 version=0x26af2000 log2_work=94.976044 tx=1021325335 date='2024-06-10T07:48:24Z' progress=0.876338 cache=4.7MiB(33971txo)
bitcoin_bitcoind_1     | 2025-02-13T09:53:24Z UpdateTip: new best=00000000000000000001a8f31c9a60f4a117672f0cb5dc4829338dffd5e038ea height=847324 version=0x3fffe000 log2_work=94.976058 tx=1021329276 date='2024-06-10T08:11:49Z' progress=0.876341 cache=6.3MiB(45662txo)
bitcoin_bitcoind_1     | 2025-02-13T09:53:25Z UpdateTip: new best=00000000000000000002c1293ab3076faa3a1c3f6bd58ff936d7868e78b31c06 height=847325 version=0x20024000 log2_work=94.976071 tx=1021332977 date='2024-06-10T08:46:45Z' progress=0.876344 cache=8.2MiB(59597txo)
bitcoin_bitcoind_1     | 2025-02-13T09:53:25Z LevelDB read failure: Corruption: block checksum mismatch: /data/.bitcoin/chainstate/1007517.ldb
bitcoin_bitcoind_1     | 2025-02-13T09:53:25Z Fatal LevelDB error: Corruption: block checksum mismatch: /data/.bitcoin/chainstate/1007517.ldb
bitcoin_bitcoind_1     | 2025-02-13T09:53:25Z You can use -debug=leveldb to get more complete diagnostic messages
bitcoin_bitcoind_1     | 2025-02-13T09:53:25Z [error] Error reading from database, shutting down.
bitcoin_bitcoind_1     | 2025-02-13T09:53:25Z [error] Error reading from database: Fatal LevelDB error: Corruption: block checksum mismatch: /data/.bitcoin/chainstate/1007517.ldb
bitcoin_bitcoind_1     | Error: Error reading from database, shutting down.
bitcoin_bitcoind_1     | 2025-02-13T09:54:25Z Ignoring unknown configuration value maxtimeadjustment
bitcoin_bitcoind_1     | 2025-02-13T09:54:25Z Included configuration file umbrel-bitcoin.conf
bitcoin_bitcoind_1     | 2025-02-13T09:54:25Z Bitcoin Core version v28.0.0 (release build)
bitcoin_bitcoind_1     | 2025-02-13T09:54:25Z Script verification uses 3 additional threads
bitcoin_bitcoind_1     | 2025-02-13T09:54:25Z Using the 'arm_shani(1way,2way)' SHA256 implementation
bitcoin_bitcoind_1     | 2025-02-13T09:54:25Z Default data directory /data/.bitcoin
bitcoin_bitcoind_1     | 2025-02-13T09:54:25Z Using data directory /data/.bitcoin
bitcoin_bitcoind_1     | 2025-02-13T09:54:25Z Config file: /data/.bitcoin/bitcoin.conf
bitcoin_bitcoind_1     | 2025-02-13T09:54:25Z Config file arg: bantime="86400"
bitcoin_bitcoind_1     | 2025-02-13T09:54:25Z Config file arg: blockfilterindex="1"
bitcoin_bitcoind_1     | 2025-02-13T09:54:25Z Config file arg: datacarriersize="83"
bitcoin_bitcoind_1     | 2025-02-13T09:54:25Z Config file arg: dbcache="429"
bitcoin_bitcoind_1     | 2025-02-13T09:54:25Z Config file arg: i2pacceptincoming="0"
bitcoin_bitcoind_1     | 2025-02-13T09:54:25Z Config file arg: i2psam="10.21.22.11:7656"
bitcoin_bitcoind_1     | 2025-02-13T09:54:25Z Config file arg: includeconf="umbrel-bitcoin.conf"
bitcoin_bitcoind_1     | 2025-02-13T09:54:25Z Config file arg: listen="1"
bitcoin_bitcoind_1     | 2025-02-13T09:54:25Z Config file arg: listenonion="0"
bitcoin_bitcoind_1     | 2025-02-13T09:54:25Z Config file arg: maxconnections="125"
bitcoin_bitcoind_1     | 2025-02-13T09:54:25Z Config file arg: maxmempool="300"
bitcoin_bitcoind_1     | 2025-02-13T09:54:25Z Config file arg: maxorphantx="100"
bitcoin_bitcoind_1     | 2025-02-13T09:54:25Z Config file arg: maxreceivebuffer="5000"
bitcoin_bitcoind_1     | 2025-02-13T09:54:25Z Config file arg: maxsendbuffer="1000"
bitcoin_bitcoind_1     | 2025-02-13T09:54:25Z Config file arg: maxuploadtarget="0"
bitcoin_bitcoind_1     | 2025-02-13T09:54:25Z Config file arg: mempoolexpiry="336"
bitcoin_bitcoind_1     | 2025-02-13T09:54:25Z Config file arg: mempoolfullrbf="1"
bitcoin_bitcoind_1     | 2025-02-13T09:54:25Z Config file arg: onion="10.21.22.10:9050"
bitcoin_bitcoind_1     | 2025-02-13T09:54:25Z Config file arg: onlynet="ipv4"
bitcoin_bitcoind_1     | 2025-02-13T09:54:25Z Config file arg: onlynet="ipv6"
bitcoin_bitcoind_1     | 2025-02-13T09:54:25Z Config file arg: onlynet="onion"
bitcoin_bitcoind_1     | 2025-02-13T09:54:25Z Config file arg: onlynet="i2p"
bitcoin_bitcoind_1     | 2025-02-13T09:54:25Z Config file arg: peerblockfilters="1"
bitcoin_bitcoind_1     | 2025-02-13T09:54:25Z Config file arg: peertimeout="60"
bitcoin_bitcoind_1     | 2025-02-13T09:54:25Z Config file arg: persistmempool="1"
bitcoin_bitcoind_1     | 2025-02-13T09:54:25Z Config file arg: rpcworkqueue="128"
bitcoin_bitcoind_1     | 2025-02-13T09:54:25Z Config file arg: timeout="5000"
bitcoin_bitcoind_1     | 2025-02-13T09:54:25Z Config file arg: torcontrol="10.21.22.10:9051"
bitcoin_bitcoind_1     | 2025-02-13T09:54:25Z Config file arg: torpassword=****
bitcoin_bitcoind_1     | 2025-02-13T09:54:25Z Config file arg: txindex="1"
